 = 17*d + 5182 - 21842. What is the remainder when d is divided by 21?
14
Suppose -3*q + 708 - 195 = -0*q. What is the remainder when q is divided by 98?
73
Suppose 0 = 27*i - 584 + 17. Let y(n) = 8*n**2 - 5*n**3 + 13*n**2 + 4 + 1 + 4*n + 4*n**3. Calculate the remainder when y(i) is divided by 9.
8
Let x(l) = -13*l + 333. What is the remainder when x(-10) is divided by 117?
112
Let p(x) = x**3 + 7*x**2 - 14*x - 59. Let y be p(-7). Suppose 43*f = y*f + 80. What is the remainder when 92 is divided by f?
12
Let l be 29/2*(-9 + -1). Let d = l + 158. Let r = 28 + -5. Calculate the remainder when r is divided by d.
10
Suppose 0 = j - v - 47, -4*j - j = v - 235. Suppose 3*h - 3 = 12. Suppose -h*s - 7 = w, 69 = -w + 6*w - s. Calculate the remainder when j is divided by w.
8
Let i(k) = -k**3 - 20*k**2 + 37*k - 138. Let r = -59 + 100. What is the remainder when r is divided by i(-22)?
9
Let m = 495 + -365. Let w = 158 - m. Calculate the remainder when 162 is divided by w.
22
Suppose -10*i + 1334 - 384 = 0. Calculate the remainder when 284 is divided by i.
94
Let i(t) = 45*t**2 + 9*t + 124. Calculate the remainder when i(-6) is divided by 106.
100
Let l(n) = -n**3 - 5*n**2 + 13*n + 9. Let q be l(-7). Let p(s) = s**2 + s + 28. Let b be p(0). Let g = b - q. Calculate the remainder when g is divided by 7.
5
Suppose 0 = 2*v + 2, -5*v = 2*z - 91 - 18. Suppose -361 = -w - 80. Calculate the remainder when w is divided by z.
53
Suppose -134022*q = -133993*q - 13891. Calculate the remainder when q is divided by 58.
15
Suppose -18 = 2*p - 0. Let d(x) = x**3 + 9*x**2 - 3*x. Let f be d(p). Let g = -21 + f. Calculate the remainder when 16 is divided by g.
4
Let l = 147 - 16. Suppose -2*r - 4 = 0, r - 17 - 25 = -v. What is the remainder when l is divided by v?
43
Calculate the remainder when 340 is divided by 6/(-3 + 0 + (-1813)/(-896) + 1).
84
Suppose -2*o + 7*o - 80 = 0. Let u = 247 + -159. Calculate the remainder when u is divided by o.
8
Let p be (-9)/(-9) + (-5 - 0). Calculate the remainder when (p - ((-388)/24 + 0))*6 is divided by 39.
34
Suppose 0 = -5*k + 4 + 16. Suppose -k = -2*o + 86. Let t = 2518 + -2294. Calculate the remainder when t is divided by o.
44
Let l(h) = -h**2 - h + 4*h + 135 - 30 - 36. Calculate the remainder when l(-6) is divided by 5.
0
Suppose -4 = -11*q + 29. Let x(u) = 15*u - 40. What is the remainder when 1/(-4) - 193/(-4) is divided by x(q)?
3
Let r(u) = 91*u**3 + u. Suppose 3*j + 1046 = -5*d, d + 4*j + 77 = -122. Let y = 242 + d. What is the remainder when r(1) is divided by y?
30
Let w be (4 - 90/27)/((-1)/3). What is the remainder when 603 - (-2 - -5)*w is divided by 51?
48
Let w = 30902 + -30399. Calculate the remainder when w is divided by 12.
11
Let x(b) = b**2 + 7*b + 15. Suppose 0 = -2*a + 5*m + 28, 2*a - 14 = 3*m + 10. What is the remainder when a is divided by x(-6)?
0
Suppose -4*g + 48*l = 52*l - 4248, 2*l = 14. Calculate the remainder when g is divided by 174.
11
Let x = 27 + 50. Let r = 117 - x. Suppose 86*z - 2010 = -806. What is the remainder when r is divided by z?
12
Let x(l) = 389*l + 7141. What is the remainder when 429 is divided by x(-18)?
12
Let g(a) = -a**3 - 61*a**2 + 538*a + 233. What is the remainder when g(-69) is divided by 220?
99
Suppose 0 = 68*l - 378 - 682 + 176. Suppose -2*r - 203 = 5*n - 1607, 0 = 3*n + 12. What is the remainder when r is divided by l?
10
Suppose -3*p + 809*a = 810*a - 124, -5*p + a = -220. What is the remainder when 763 is divided by p?
32
Calculate the remainder when 1872/20 + 208/20 + -10 is divided by 19.
18
Suppose 19*o = 13*o. Let j(m) = -7*m + 75. Calculate the remainder when j(o) is divided by 11.
9
Let s(c) = 107*c**2 + 8*c - 17. Let v be s(2). Calculate the remainder when (2 + 1)*(v/21 - 6) is divided by 15.
13
Let b = -2 + 11. Suppose -4*f + b = -43. Suppose 0 = 3*p + 6 + 9, -4*p = 4*w - 224. What is the remainder when w is divided by f?
9
Let o(v) = 8*v - 236. What is the remainder when 393 is divided by o(35)?
41
Suppose 23*c + 2354 = 8012. Let b(n) = -n**3 + 10*n**2 + 3*n - 17. Calculate the remainder when c is divided by b(10).
12
Let f = 301 + -299. Let a(l) = 4*l**3 - 6*l**2 + 3*l + 7. Let j = -24 + 170. What is the remainder when j is divided by a(f)?
20
Calculate the remainder when 19 is divided by (1 - (0 - 57/(-12)))/(189/(-504)).
9
Let d(l) = -l**2 + 21*l - 79. Let s(f) = -4 - 3*f + f + 0*f - 8*f. What is the remainder when d(11) is divided by s(-2)?
15
Let l = -24 - 28. Calculate the remainder when l*(55/40*2 + -3) is divided by 8.
5
Let r = -473 + 1082. Suppose r = 11*k - 4*k. What is the remainder when k is divided by 21?
3
Let z be ((-6 - -1)/5)/(6/(-42)). Suppose i = -z*i + 104. Calculate the remainder when 168 is divided by i.
12
Suppose 5*o = -27 + 47. Suppose 6*l - 2*l = 2*j + 78, 0 = -o*l + 5*j + 81. What is the remainder when (-4)/(-14) + (-5139)/(-21) is divided by l?
17
Let r(n) = 5*n + 105. Calculate the remainder when 614 is divided by r(-16).
14
Let a = 6760 + -6579. Calculate the remainder when 1616 is divided by a.
168
What is the remainder when (1 + 1)/(15/1500*5) is divided by 4?
0
Suppose -10*s - 74 = -334. Let p(d) = -18*d - 8. What is the remainder when p(-9) is divided by s?
24
Suppose 0*h - h - 227 = -u, -4*h = 4*u - 916. Calculate the remainder when u is divided by (841 + 4)/13 + 12.
74
Let r = 4187 - 434. What is the remainder when r is divided by 341?
2
Let w(t) = -t**2 - 39*t - 207. Calculate the remainder when 146 is divided by w(-7).
10
Calculate the remainder when 28 is divided by (5/50*5)/(315/78 + -4).
2
What is the remainder when 262 + (-14)/(-49)*-7 - -3 is divided by 9?
2
What is the remainder when 431 is divided by -4 + 29/(290/780)?
61
Let l = -724 + 260. Let k = -451 - l. What is the remainder when 284 is divided by k?
11
Suppose -2*t + 6 = 2*k - 12, -5*k = -15. What is the remainder when 36 is divided by -1 - t/4*(-330)/45?
6
Suppose -412*k + 148031 = 355*k. Calculate the remainder when 676 is divided by k.
97
Let h = -11026 + 11084. What is the remainder when 1255 is divided by h?
37
Suppose 0 = 3*h - 15, -4*u + 3*u + 30 = -h. Let x(a) = -a**2 - 6 + 6 - 2*a - 6 + 11*a. What is the remainder when u is divided by x(6)?
11
Let m = -34 - -46. Let b = 365 + -540. Let q = b - -220. What is the remainder when q is divided by m?
9
Let g(p) = 6*p - 24. Let u(m) = -2*m + 12. Let l(a) = 2*g(a) + 5*u(a). What is the remainder when l(14) is divided by 9?
4
Let k(u) = 8*u**2 - 39*u + 46. Calculate the remainder when 568 is divided by k(4).
10
Let t(b) = -4*b**2 - 42*b - 9. Let q be t(-7). Suppose -s = -2*l - q, 23*s + 2*l + 287 = 26*s. Calculate the remainder when s is divided by 51.
48
Let c be (2/12)/(135/42930). Suppose -6*j - 7 = -5*j. Let v = c - j. Calculate the remainder when v is divided by 9.
6
Let o = -64 + 81. Let h = -272 - -390. Calculate the remainder when h is divided by o.
16
Let q be 22/1*5/10. Let x(t) = -16*t + 148. What is the remainder when x(5) is divided by q - 3*2/6?
8
Suppose -3*l - 126 = -4*p, -3*p - 12*l = -16*l - 98. What is the remainder when 1827 is divided by p?
27
What is the remainder when 148 - 2 - 7 - (0 + 3) is divided by 119?
17
Calculate the remainder when 3 - (-25 + 26)/((-4)/(-14))*-60 is divided by 22.
15
Suppose 0 = 5*z + 5, q = -z - 3 + 104. What is the remainder when 1324 is divided by q?
100
Calculate the remainder when 502 - (1*3 + 15/(285/(-38))) is divided by 18.
15
Suppose -57*b + 175*b = -3*b + 11737. What is the remainder when b is divided by (-2)/((-1)/(49/2))?
48
Suppose 0 = -p + d + 83, -2*d = -28*p + 23*p + 424. Calculate the remainder when 92 is divided by p.
6
Let s(o) = -o**3 + 11*o**2 + 11*o - 63. Calculate the remainder when 186 is divided by s(11).
12
Let z(t) = -t - 1. Let y(k) = 5*k - 15. Let d(r) = -y(r) - 4*z(r). Let g = -127 - -136. What is the remainder when d(g) is divided by 3?
1
Let x(f) be the first derivative of 6*f**3 - 4*f**2 + 11*f - 162. What is the remainder when x(5) is divided by 47?
45
Suppose 32*v - 2288 = 2992. Calculate the remainder when 2632 is divided by v.
157
Let z(b) = -b**2 - 2*b. Let g(v) = 4*v**2 - 9*v + 105. Let q(m) = -g(m) - 5*z(m). What is the remainder when 38 is divided by q(-24)?
8
Suppose -4*x + 1 = -19. What is the remainder when 11 - 